ad35
In base 3, what is 22001 + -22202101210?
-22202002202
In base 4, what is -3111220112121 - -3?
-3111220112112
In base 3, what is 111102 + 20102021220?
20102210022
In base 14, what is 862c1 + -1b?
862a4
In base 6, what is 12304 + -1224?
11040
In base 4, what is 121 + 23102103?
23102230
In base 10, what is 8873 - 692?
8181
In base 12, what is -b - -87985?
87976
In base 16, what is -ee8e7e9 + 2?
-ee8e7e7
In base 7, what is 6165 + 56334?
65532
In base 2, what is 1010110110011101111 - 11000001?
1010110110000101110
In base 14, what is -6a843b - 3?
-6a8440
In base 3, what is -2200111000 + -101012221?
-10001200221
In base 4, what is 131320023 + -22?
131320001
In base 13, what is 10 - 1607b2?
-1607a2
In base 10, what is -4 + -47080160?
-47080164
In base 5, what is -2000341023003 - 1?
-2000341023004
In base 13, what is -1609 - -14a0?
-139
In base 16, what is 82 - -d8296?
d8318
In base 2, what is -1 + -1000001001010110000100101100?
-1000001001010110000100101101
In base 3, what is -12 + -1120221202121201?
-1120221202121220
In base 9, what is 7 + -242406?
-242388
In base 7, what is -14512235 + -2035?
-14514303
In base 7, what is -10230260353 - -2?
-10230260351
In base 8, what is 474343413 + 5?
474343420
In base 12, what is 3793b93 + -1?
3793b92
In base 6, what is 10 - 55431322?
-55431312
In base 11, what is 8981a5a1 - 2?
8981a59a
In base 16, what is -da6a + -8b?
-daf5
In base 5, what is 3023003414 + 11?
3023003430
In base 15, what is -76c + 1102?
885
In base 12, what is 442 - 5002?
-4780
In base 8, what is 2476420 - -16?
2476436
In base 12, what is -b3 + 2250?
2159
In base 13, what is 17003 + a45?
17a48
In base 16, what is 1b - 173bef?
-173bd4
In base 9, what is 2611 + 1628?
4340
In base 6, what is -5551013 + 43?
-5550530
In base 12, what is -18a7a - 15a87?
-32945
In base 3, what is -110210 + 100222212202?
100222101222
In base 11, what is 3 + -a6a2210?
-a6a2208
In base 4, what is -20212233212123 + -11?
-20212233212200
In base 12, what is -15476 + -244?
-156ba
In base 9, what is -47572 - 1306?
-48878
In base 15, what is 953 + -8e72?
-851e
In base 16, what is 2 + -4bbb056?
-4bbb054
In base 11, what is 89085 + 738?
89812
In base 6, what is -10020 - 4152033?
-4202053
In base 7, what is -12634312 - 0?
-12634312
In base 11, what is 109296 - -29a0?
111186
In base 16, what is b2e + 1602?
2130
In base 5, what is 113323 + 303412?
422240
In base 7, what is 5 - -406100664?
406101002
In base 2, what is -10010011110001 + 10000001101111?
-10010000010
In base 4, what is 22131022220300 - 11?
22131022220223
In base 8, what is -227514 + 22?
-227472
In base 8, what is -26235703 - -4?
-26235677
In base 5, what is -120141231113 - -10?
-120141231103
In base 6, what is 5051053152 + 4?
5051053200
In base 8, what is 644057 + -2005?
642052
In base 10, what is 670556 - 24?
670532
In base 16, what is -a - 13e6fef?
-13e6ff9
In base 2, what is -100110101000111 - 1011000010011010?
-1111110111100001
In base 5, what is 2420242313 + -10?
2420242303
In base 8, what is 14644 + 62337?
77203
In base 4, what is 23 + -201110100302?
-201110100213
In base 15, what is -8 + 372e20?
372e17
In base 2, what is -11111110000111010 - -1010001?
-11111101111101001
In base 4, what is 12310303 - -21321?
12332230
In base 10, what is 1433622 - -35?
1433657
In base 2, what is -1 + 1010100111010101001000?
1010100111010101000111
In base 2, what is 100100000110010110010 + -110?
100100000110010101100
In base 5, what is -10243024223 + -103?
-10243024331
In base 4, what is -2121233 - 1101033?
-3222332
In base 4, what is -3101 + 3310200220?
3310131113
In base 6, what is -231515534 + 12?
-231515522
In base 12, what is -58 - 1816a01?
-1816a59
In base 5, what is 32 - 112230420?
-112230333
In base 15, what is 1 - -4c730b1?
4c730b2
In base 5, what is 11404012143 - -20?
11404012213
In base 10, what is 202572 + 4?
202576
In base 11, what is -450a1 + 1423?
-43779
In base 7, what is 5312 - -1110255?
1115600
In base 12, what is 11734069 + -3?
11734066
In base 9, what is -3107675 + 16?
-3107658
In base 10, what is 532394 - -417?
532811
In base 2, what is -100011001 - 110111001111?
-111011101000
In base 13, what is -44a520 + -7?
-44a527
In base 4, what is 12 - 11112330120021?
-11112330120003
In base 16, what is -4 + 99623?
9961f
In base 11, what is 1069a06 + 4?
1069a0a
In base 8, what is -434 + -655726?
-656362
In base 9, what is -324 - 5223726?
-5224151
In base 6, what is -4 - -244551?
244543
In base 3, what is 2001021 + -120110210?
-111102112
In base 13, what is 29 - -17aaac?
17ab08
In base 10, what is -243 + 17961?
17718
In base 7, what is 134544 + -3115?
131426
In base 7, what is 525011030 - -10?
525011040
In base 16, what is -1a5d7d + f?
-1a5d6e
In base 3, what is -12001222100 - 2111?
-12002001211
In base 9, what is 2401817 - -11?
2401828
In base 12, what is -428 + -98089?
-984b5
In base 11, what is 4562 - -15339?
198a0
In base 5, what is 213134023213 - 0?
213134023213
In base 16, what is 7717 + -93?
7684
In base 2, what is -10001101111010100 - 10100010?
-10001110001110110
In base 9, what is 3240831 + 2?
3240833
In base 6, what is -411 + -4532004?
-4532415
In base 6, what is 4221414 - -45?
4221503
In base 12, what is 14593702 + 0?
14593702
In base 2, what is -1011101010010101100000101 - 1011?
-1011101010010101100010000
In base 6, what is 13204145 - 41?
13204104
In base 15, what is -2ee + -b883?
-bb82
In base 2, what is 11001110011100010000010000 - 100?
11001110011100010000001100
In base 10, what is -6 - -3649467?
3649461
In base 6, what is -41145 - -15140?
-22005
In base 15, what is -b76b80 - 3?
-b76b83
In base 8, what is 40237626 - -5?
40237633
In base 4, what is 3 - -2312003110111?
2312003110120
In base 5, what is -124103 + -3302?
-132410
In base 8, what is -4 + -4633734?
-4633740
In base 3, what is -12110 + 1121012101010?
1121012011200
In base 16, what is -14113c8 + -d?
-14113d5
In base 14, what is -259b93 + -4?
-259b97
In base 16, what is 5 - -746c50?
746c55
In base 15, what is -9de5 - 21?
-9e16
In base 5, what is 24100431302 + 33?
24100431340
In base 9, what is -25484 - -42625?
16131
In base 14, what is 98 - 2d826?
-2d76c
In base 5, what is 21100313121 + 12?
21100313133
In base 12, what is 34b4 - -137b1?
170a5
In base 5, what is 30114 - -11122112?
11202231
In base 5, what is -11433233 - 1423?
-11440211
In base 16, what is 398b + 1ffc?
5987
In base 9, what is 48 + 2200800?
2200848
In base 9, what is 211826 - -2188?
214125
In base 2, what is -10101010 - 11101100111100001?
-11101101010001011
In base 6, what is -510512432 - 51?
-510512523
In base 10, what is -579 + -81462?
-82041
In base 13, what is 200144 - -4?
200148
In base 4, what is 222122 + 2022210?
2310332
In base 13, what is 34770 + -1c93?
327aa
In base 8, what is 53166106 + -5?
53166101
In base 5, what is -4140334333 + -243?
-4140340131
In base 8, what is 2042 + -3427?
-1365
In base 13, what is -c - -1bc4b?
1bc3c
In base 11, what is 199 + -163a41?
-163853
In base 5, what is -223320411211 + 2?
-223320411204
In base 13, what is 22a - -192c64?
193191
In base 4, what is -121323323103 + 11?
-121323323032
In base 12, what is 85 + -17b202b?
-17b1b66
In base 5, what is 3321 - 141342202?
-141333331
In base 6, what is 0 + 152513352?
152513352
In base 5, what is 113443422312 + 14?
113443422331
In base 5, what is 4132330 - -20321?
4203201
In base 4, what is -1122330102300 + 1?
-1122330102233
In base 16, what is -1ba2f0 + -c?
-1ba2fc
In base 9, what is 8435614 - -76?
8435701
In base 10, what is 16 - 4688188?
-4688172
In base 8, what is -763 - 10650?
-11633
In base 4, what is -1211 + 10320201?
10312330
In base 4, what is -11002121 + -1022121?
-12030302
In base 2, what is 10111001001001110011001 - -111?
10111001001001110100000
In base 16, what is c7 - -5a85a?
5a921
In base 12, what is -2 - 2914b85b?
-2914b861
In base 15, what is 4 + d093a7d?
d093a82
In base 8, what is 33022036 - 5?
33022031
In base 2, what is 110100110 + -1101000010011?
-1100001101101
In base 10, what is 2921 - -1129?
4050
In base 12, what is b3b - 19133?
-181b4
In base 16, what is -15 + -3a106?
-3a11b
In base 11, what is 7269531 - 0?
7269531
In base 12, what is 1 + -32b402?
-32b401
In base 6, what is 1 - 45324225?
-45324224
In base 12, what is 8 - -20b1724?
20b1730
In base 5, what is 130012414113 + 1?
130